. Suppose -2*f + 0*f - 30 = h. What is the units digit of (42/f)/((-4)/10)?
7
Let t be 2*(-1 - 0/3). Let c(l) = -l**2 + 6*l - 6. Let d be c(4). What is the units digit of ((-5)/t)/(1/d)?
5
Let o(f) = 24*f - 1. What is the units digit of o(6)?
3
Let z = -213 + 326. What is the units digit of z?
3
Suppose 4*x - 38 = -2*j, -3*j - j = 4*x - 44. What is the units digit of x?
8
Let a = 3 - -37. Let y = a + -24. What is the tens digit of y?
1
Suppose -6*d + 169 + 65 = 0. What is the tens digit of d?
3
Let p = 0 - -4. Suppose g + k = 17, -5*g - p*k + 3*k + 85 = 0. What is the units digit of g?
7
Let h = -15 + 22. Suppose -2*y - 5 = -h*y. What is the units digit of y?
1
Suppose -3*o = -0*o. Suppose o = 2*n - 3*n + 5. Suppose -n = -2*v + p, 0 = -2*v + 4*v + 4*p - 30. What is the units digit of v?
5
Let a be (1/(-2) + 0)*0. Let g = -7 + 10. Let t = g - a. What is the units digit of t?
3
Suppose 4 = 4*o + 2*l, -4 = -4*o - 0*l - l. What is the units digit of o?
1
Let c = -2 - -7. Suppose -4*d - 4 = -c*d. Suppose 3*h - 27 = -d*r, 11 = 5*r + 3*h - 19. What is the units digit of r?
3
Suppose -n - 352 = 336. Let f be (-4)/10 - n/20. Let y = f - 24. What is the tens digit of y?
1
Let f(y) = -5*y**2 + 9*y + 8. Let x(w) = -w**2. Let z(k) = -f(k) + 6*x(k). Let p be z(-7). Suppose 3*i - 2*i = p. What is the units digit of i?
6
Suppose 0*w - 245 = -a + 3*w, -w + 1 = 0. What is the tens digit of a?
4
Suppose 5*m - 46 - 19 = -a, 5*a = 0. Suppose -2*k = -3*k, -3*k - 8 = -4*w. Suppose w*t = -2*b + 34, t - m = b + 2. What is the units digit of t?
6
Suppose 0 = 3*c - 4 - 2. Suppose -n = c - 3. What is the units digit of n?
1
Let j = -7 + 12. What is the units digit of (-286)/(-12) - j/(-30)?
4
Suppose -5*z = -0*l + 3*l - 78, 0 = -2*l + 4*z + 30. What is the tens digit of l?
2
Let h be 8/(-16)*(-1 + 1). Suppose -d + 22 = -4*l, 0*d + d - l - 19 = h. What is the units digit of d?
8
What is the units digit of (6/(-15))/((-5)/75)?
6
Let s be 6*(3 + 3 + 0). Suppose 0 = -5*b + 3*b + s. What is the units digit of b?
8
Let k(n) = 5*n**2 - n. Let r be k(-1). Let w = r - 2. Suppose -7 = -4*o - f, -2*o - w*f + 17 = 3*o. What is the units digit of o?
1
Let a be 0/(-2) - (-5 + 3). What is the units digit of (-48)/(-4) - a - -4?
4
Suppose -3*p - 2 = -5*s + 32, s - 5*p = -2. Let z = s + -5. Suppose -z + 73 = 5*g. What is the tens digit of g?
1
Suppose 30 = 2*q + 7*u - 3*u, 2*q = -5*u + 31. What is the tens digit of q?
1
Suppose -2*i - 1 = h + 6, -5*h + 40 = -5*i. Suppose h*c + 5*r = 21, 0*c + r + 7 = c. Suppose 0*u + 5*u + 5*m = 15, -u - c = -4*m. What is the units digit of u?
1
Let r(j) = j**3 + 2*j**2 - 11*j - 23. What is the units digit of r(-3)?
1
Let y(f) = -f**3 + 7*f**2 + 1. Let r be y(7). Let h = r - 0. What is the units digit of h?
1
Let a be 84/22 - 6/(-33). Suppose 3*z - a*z + 24 = 0. What is the tens digit of z?
2
Suppose -3*v = -4*i + 7*i - 231, -v = 2*i - 149. What is the tens digit of i?
7
Let x(i) = 56*i + 6. What is the hundreds digit of x(4)?
2
Suppose -4*d + 695 = -0*r - r, 4*d + 4*r = 680. Suppose -5*i + d = -12. What is the tens digit of i?
3
Let m(n) = 3*n**3 + n**2 - n + 2. Let i(v) = -3*v**3 + v. Let d be i(-1). What is the units digit of m(d)?
8
Let w = -84 - -86. Let g be ((-11)/(-4))/((-2)/(-8)). Suppose 29 - g = w*h. What is the units digit of h?
9
Let j(v) = -2*v**2 + 11*v + 8. Let m be j(6). Suppose 5*s - 238 = 2*d, 3*s - d = -m*d + 145. What is the tens digit of s?
4
Let j(v) = v**2 + 5*v + 1. Let k be j(-4). Let u(m) = -m**3 + m**2 + 4 - 3*m**2 - m**2. What is the units digit of u(k)?
4
Suppose -162 = 30*s - 33*s. What is the tens digit of s?
5
Let m(l) = -6*l - 20. What is the units digit of m(-9)?
4
Let d(c) = -c**2 + 5*c + 8. Let l(y) = y**3 - 5*y**2 + 2*y + 2. Let m be l(4). Let x be -1*(m*3)/3. What is the units digit of d(x)?
2
Let j = 41 - 18. What is the tens digit of j?
2
Suppose -4*o + 40 = -2*o. Let v = o + -13. Suppose -5*l - w + 42 = 0, 4*l - 2*w - 21 = -v*w. What is the units digit of l?
9
Let a(o) = o**3 - 5*o**2 - 13*o + 21. What is the hundreds digit of a(8)?
1
Let g(p) = -p**2 - p + 17. Let y = -9 - -9. What is the units digit of g(y)?
7
Let h = -24 - -59. What is the tens digit of h?
3
Let l(s) = -s**3 - 6*s**2 - 5*s + 3. Let j be l(-5). Suppose v + 32 = 3*v + 4*y, v = -j*y + 14. Let p = 30 - v. What is the tens digit of p?
1
Let w = 41 - 20. Suppose o - 5*b + w = 0, -4*b + 1 = 5*o + 19. What is the units digit of 1/((-2)/5)*o?
5
Suppose 5*x - 8*x = -132. What is the units digit of x?
4
Let j be -1 + (-5)/((-5)/(-2)). Let i = 10 + j. Let f = i - 2. What is the units digit of f?
5
Let q(y) = y**2 - 8*y + 9. Let a be q(6). Let w be (-1 - a)/2*-12. What is the units digit of (-35)/(-3) + (-4)/w?
2
Suppose -2*u = u - 12. Suppose 1 = g - u*r, 3*g + 5*r - 19 = r. What is the units digit of g?
5
Suppose c = -c - 2, -66 = -3*r + 3*c. Suppose 0 = 2*y - 55 + r. What is the tens digit of y?
1
Suppose -3*b + m - 1 + 3 = 0, 4*b - m - 3 = 0. What is the units digit of b?
1
Let k = -61 + 110. Suppose y + 17 = 2*z - 4*y, 0 = -4*z - 5*y + k. What is the tens digit of z?
1
Suppose 5*t = -20, -5*t - 3 = 3*k + 26. What is the units digit of (-2 - k) + (-1 - -2)?
2
Suppose 4*v + 5*i - 74 = 164, 4*v - 218 = 5*i. What is the tens digit of v?
5
Let l(s) = s**2 - 3*s + 3. Let r be l(3). Suppose -9 = -2*h - 1. Suppose -r*f - f = -h. What is the units digit of f?
1
Suppose -534 = -2*l + 10*y - 6*y, -1300 = -5*l + 3*y. What is the units digit of l?
7
Suppose -22 = -9*r + 77. What is the units digit of r?
1
Suppose -4*k + k - 2*y = -6, -15 = -5*y. Suppose k*w = -w + 12. What is the tens digit of w?
1
Suppose 4*q - q - 30 = 0. Let d = 21 + q. What is the tens digit of d?
3
What is the tens digit of (4 + 2 + 5)/1?
1
Suppose 0 = -4*t - 0*t - 5*j + 8, -4*j = 0. Suppose -b + 2*x = -3, x - t*x - 26 = -4*b. Suppose -20 = 4*c, i + 14 = 4*c - b*c. What is the units digit of i?
1
What is the tens digit of 6/(-39) - (-1666)/13?
2
Let i be (-4)/12 - 10/(-3). Suppose i*h - 3*q - 20 = -h, -3*h + 26 = -5*q. What is the units digit of h?
2
Suppose 2*g - 5*i - 385 = 0, -5*g + 2*g = i - 569. What is the units digit of g?
0
Suppose 14*r - 140 = 12*r. What is the tens digit of r?
7
Suppose 6 = 3*m + 2*s - 7, -3*m - 4*s = -17. Let o(p) = 2*p**2 - p**3 - 4*p - 5 + 3 + 8*p. What is the units digit of o(m)?
1
Let j be (-16)/(-10)*(-5)/(-2). Suppose -j*q + 83 = -21. What is the units digit of 1/(-4) + q/8?
3
Let f(a) = 2*a + 4. Suppose 2*i + 3*m - 12 = i, -i = m - 8. What is the tens digit of f(i)?
1
Let k(q) = q**2 + 3*q + 1. Let o(h) = h**2 + 6*h + 4. Let z be o(-4). Let a be k(z). Let m = a + -3. What is the units digit of m?
2
Suppose 4*v + d - 3*d - 18 = 0, -2*d = -v. What is the units digit of v?
6
Suppose -l = l - 2*n, -2*n + 9 = l. Suppose 0 = l*u - 2*u + 1. Let w = u + 3. What is the units digit of w?
2
Let d(k) = -k + 1. Let r be d(-2). Let x(m) = m**2 + 2*m + 3. Let p(v) = -v**2 - v - 3. Let i(z) = -3*p(z) - 2*x(z). What is the units digit of i(r)?
9
Let n be ((-4)/(-6))/(6/45). Let l(q) = q**3 - 4*q**2 - 4*q - 6. Let u be l(n). What is the units digit of 0 - -1*(u + 2)?
1
Suppose -4*x = 3*d - 7 + 26, 0 = -x - d - 6. Let j(z) = -z**3 + 6*z**2 + 2. Let l be j(6). Let p = x + l. What is the units digit of p?
1
Suppose -457 = -3*o + 4*t, -2*o - t + 122 + 168 = 0. What is the hundreds digit of o?
1
Let b = -2 + 8. What is the units digit of b?
6
What is the tens digit of 1672/57*(-3)/(-2)?
4
Let s = 50 + -35. Suppose -2*a - s = -3*x, -3*a - 12 = -4*x + 7. What is the units digit of x?
7
Suppose 3*v = -v + 176. What is the units digit of v?
4
Suppose -k - 52 = -5*k. What is the tens digit of k?
1
Let r = 95 - 59. Let f(j) = 3*j**2 + 6*j + 3. Let h be f(-4). What is the units digit of (-8)/r + 195/h?
7
Suppose 0*c + 6 = c. Suppose -35 = -5*g - c*k + k, 5*k + 25 = 0. Suppose -4*a + 0*a + 8 = 3*n, 5*a = -4*n + g. What is the units digit of n?
8
Let a(w) = 2*w**2 - 8*w - 33. What is the hundreds digit of a(15)?
2
Let y be (-3)/(-24)*10*4. Let g = 19 - y. What is the tens digit of g?
1
Let f(x) = 11*x**3 + 4*x**2 + 6*x - 7. What is the tens digit of f(3)?
4
Let f be 6/3 + -2*14. Let o = f + 51. Let v = o + -8. What is the units digit of v?
7
Let k(c) = c + 4. Let y be k(-7). Let f be 